{"id":6,"date":"2012-06-06T11:11:31","date_gmt":"2012-06-06T11:11:31","guid":{"rendered":"http:\/\/localhost:8888\/marathonWP\/?page_id=6"},"modified":"2026-04-29T07:33:34","modified_gmt":"2026-04-29T07:33:34","slug":"presentation","status":"publish","type":"page","link":"http:\/\/www.marathon-dunkerque.com\/?page_id=6","title":{"rendered":"L&rsquo;\u00e9dito du Pr\u00e9sident"},"content":{"rendered":"<p style=\"text-align: center;\"><strong>Le 1er avril 2026, J.F. Baeckelandt Pr\u00e9sident de l&rsquo;AMD passe la main.<\/strong><\/p>\n<p>Le Conseil d&rsquo;administration de l&rsquo;AMD a \u00e9t\u00e9 remani\u00e9. Il est d\u00e9sormais compos\u00e9 de 9 membres actifs qui sont aussi pr\u00e9sents au Challenge des Dunes de Flandre.<\/p>\n<p>Ces membres sont :<\/p>\n<p><strong>Isabelle Gillodts, Doriane Suzan, Francis Fiolet, Alain Borez, Eric Beys, Pierre- Marie Libert, Eric Fertein, Bernard Dubois et Eric Bri\u00e8re.\u00a0<\/strong><\/p>\n<p>Ce sont eux qui seront d\u00e9sormais vos correspondants.<\/p>\n<p><a href=\"http:\/\/www.marathon-dunkerque.com\/wp-content\/uploads\/Le-Bureau-2027.jpg\"><img loading=\"lazy\" decoding=\"async\" class=\"alignnone size-medium wp-image-5155\" src=\"http:\/\/www.marathon-dunkerque.com\/wp-content\/uploads\/Le-Bureau-2027-300x189.jpg\" alt=\"\" width=\"300\" height=\"189\" srcset=\"http:\/\/www.marathon-dunkerque.com\/wp-content\/uploads\/Le-Bureau-2027-300x189.jpg 300w, http:\/\/www.marathon-dunkerque.com\/wp-content\/uploads\/Le-Bureau-2027-768x483.jpg 768w, http:\/\/www.marathon-dunkerque.com\/wp-content\/uploads\/Le-Bureau-2027.jpg 860w\" sizes=\"(max-width: 300px) 100vw, 300px\" \/><\/a><\/p>\n<p>Une adresse : semimarathoncarnaval@gmail.com<\/p>\n","protected":false},"excerpt":{"rendered":"<p>Le 1er avril 2026, J.F. Baeckelandt Pr\u00e9sident de l&rsquo;AMD passe la main. Le Conseil d&rsquo;administration de l&rsquo;AMD a \u00e9t\u00e9 remani\u00e9. Il est d\u00e9sormais compos\u00e9 de 9 membres actifs qui sont aussi pr\u00e9sents au Challenge des Dunes de Flandre. Ces membres sont : Isabelle Gillodts, Doriane Suzan, Francis Fiolet, Alain Borez, Eric Beys, Pierre- Marie Libert, [&hellip;]<\/p>\n","protected":false},"author":1,"featured_media":0,"parent":0,"menu_order":2,"comment_status":"closed","ping_status":"closed","template":"","meta":{"footnotes":""},"_links":{"self":[{"href":"http:\/\/www.marathon-dunkerque.com\/index.php?rest_route=\/wp\/v2\/pages\/6"}],"collection":[{"href":"http:\/\/www.marathon-dunkerque.com\/index.php?rest_route=\/wp\/v2\/pages"}],"about":[{"href":"http:\/\/www.marathon-dunkerque.com\/index.php?rest_route=\/wp\/v2\/types\/page"}],"author":[{"embeddable":true,"href":"http:\/\/www.marathon-dunkerque.com\/index.php?rest_route=\/wp\/v2\/users\/1"}],"replies":[{"embeddable":true,"href":"http:\/\/www.marathon-dunkerque.com\/index.php?rest_route=%2Fwp%2Fv2%2Fcomments&post=6"}],"version-history":[{"count":70,"href":"http:\/\/www.marathon-dunkerque.com\/index.php?rest_route=\/wp\/v2\/pages\/6\/revisions"}],"predecessor-version":[{"id":5158,"href":"http:\/\/www.marathon-dunkerque.com\/index.php?rest_route=\/wp\/v2\/pages\/6\/revisions\/5158"}],"wp:attachment":[{"href":"http:\/\/www.marathon-dunkerque.com\/index.php?rest_route=%2Fwp%2Fv2%2Fmedia&parent=6"}],"curies":[{"name":"wp","href":"https:\/\/api.w.org\/{rel}","templated":true}]}}

L&rsquo;édito du Président

<p style="text-align: center;"><strong>Le 1er avril 2026, J.F. Baeckelandt Président de l&rsquo;AMD passe la main.</strong></p>
<p>Le Conseil d&rsquo;administration de l&rsquo;AMD a été remanié. Il est désormais composé de 9 membres actifs qui sont aussi présents au Challenge des Dunes de Flandre.</p>
<p>Ces membres sont :</p>
<p><strong>Isabelle Gillodts, Doriane Suzan, Francis Fiolet, Alain Borez, Eric Beys, Pierre- Marie Libert, Eric Fertein, Bernard Dubois et Eric Brière. </strong></p>
<p>Ce sont eux qui seront désormais vos correspondants.</p>
<p><a href="http://www.marathon-dunkerque.com/wp-content/uploads/Le-Bureau-2027.jpg"><img loading="lazy" decoding="async" class="alignnone size-medium wp-image-5155" src="http://www.marathon-dunkerque.com/wp-content/uploads/Le-Bureau-2027-300x189.jpg" alt="" width="300" height="189" srcset="http://www.marathon-dunkerque.com/wp-content/uploads/Le-Bureau-2027-300x189.jpg 300w, http://www.marathon-dunkerque.com/wp-content/uploads/Le-Bureau-2027-768x483.jpg 768w, http://www.marathon-dunkerque.com/wp-content/uploads/Le-Bureau-2027.jpg 860w" sizes="(max-width: 300px) 100vw, 300px" /></a></p>
<p>Une adresse : semimarathoncarnaval@gmail.com</p>

<p>Le 1er avril 2026, J.F. Baeckelandt Président de l&rsquo;AMD passe la main. Le Conseil d&rsquo;administration de l&rsquo;AMD a été remanié. Il est désormais composé de 9 membres actifs qui sont aussi présents au Challenge des Dunes de Flandre. Ces membres sont : Isabelle Gillodts, Doriane Suzan, Francis Fiolet, Alain Borez, Eric Beys, Pierre- Marie Libert, [&hellip;]</p>
