{"id":48,"date":"2012-06-21T18:30:00","date_gmt":"2012-06-21T18:30:00","guid":{"rendered":"http:\/\/localhost:8888\/marathonWP\/?page_id=48"},"modified":"2024-12-08T17:26:22","modified_gmt":"2024-12-08T17:26:22","slug":"hebergement","status":"publish","type":"page","link":"http:\/\/www.marathon-dunkerque.com\/?page_id=48","title":{"rendered":"H\u00e9bergement"},"content":{"rendered":"<p><strong>Cliquez sur le lien ci-dessous afin d&rsquo;acc\u00e9der au site :<\/strong><\/p>\n<p>Notre partenaire depuis de longues ann\u00e9es IBIS.<\/p>\n<p><a href=\"https:\/\/all.accor.com\/ssr\/app\/ibis\/hotels\/dunkirk-france\/index.fr.shtml?compositions=1&amp;stayplus=false&amp;snu=false&amp;hideWDR=false&amp;productCode=null&amp;accessibleRooms=false&amp;hideHotelDetails=false&amp;utm_term=mar&amp;gclid=Cj0KCQiApNW6BhD5ARIsACmEbkVcgPwk271XYRluE2e8G6NZzyCxPa6kWIa81_PqV4FtQJb8txrqspsaAmiOEALw_wcB&amp;utm_campaign=ppc-ibi-mar-goo-fr-fr-dom_rest-mix-s&amp;utm_medium=cpc&amp;utm_source=google&amp;utm_content=fr-fr-FR-V1153\">https:\/\/all.accor.com\/ssr\/app\/ibis\/hotels\/dunkirk-france\/index.fr.shtml?compositions=1&amp;stayplus=false&amp;snu=false&amp;hideWDR=false&amp;productCode=null&amp;accessibleRooms=false&amp;hideHotelDetails=false&amp;utm_term=mar&amp;gclid=Cj0KCQiApNW6BhD5ARIsACmEbkVcgPwk271XYRluE2e8G6NZzyCxPa6kWIa81_PqV4FtQJb8txrqspsaAmiOEALw_wcB&amp;utm_campaign=ppc-ibi-mar-goo-fr-fr-dom_rest-mix-s&amp;utm_medium=cpc&amp;utm_source=google&amp;utm_content=fr-fr-FR-V1153<\/a><\/p>\n<p><a href=\"http:\/\/www.marathon-dunkerque.com\/wp-content\/uploads\/IBIS-photo-de-lH\u00f4tel.jpg\"><img loading=\"lazy\" decoding=\"async\" class=\"alignnone size-medium wp-image-1398\" src=\"http:\/\/www.marathon-dunkerque.com\/wp-content\/uploads\/IBIS-photo-de-lH\u00f4tel-300x135.jpg\" alt=\"IBIS photo de l'H\u00f4tel\" width=\"300\" height=\"135\" srcset=\"http:\/\/www.marathon-dunkerque.com\/wp-content\/uploads\/IBIS-photo-de-lH\u00f4tel-300x135.jpg 300w, http:\/\/www.marathon-dunkerque.com\/wp-content\/uploads\/IBIS-photo-de-lH\u00f4tel.jpg 465w\" sizes=\"(max-width: 300px) 100vw, 300px\" \/><\/a><\/p>\n<p>Vous avez programm\u00e9 un Week-End \u00e0 Dunkerque et vous envisagez de participer au semi-marathon du carnaval. Pour votre h\u00e9bergement, <strong>notre partenaire IBIS Dunkerque<\/strong>-Centre situ\u00e9 13 rue du Leughenaer \u00e0 Dunkerque vous appliquera le tarif \u00ab IBIS-SPORTS \u00bb, sur pr\u00e9sentation de votre dossard.<br \/>\n<a href=\"http:\/\/www.marathon-dunkerque.com\/wp-content\/uploads\/IBIS140.png\"><img loading=\"lazy\" decoding=\"async\" class=\"alignnone size-full wp-image-1429\" src=\"http:\/\/www.marathon-dunkerque.com\/wp-content\/uploads\/IBIS140.png\" alt=\"IBIS140\" width=\"140\" height=\"139\" \/><\/a><\/p>\n<p>Adresse : 13 rue de Leughenaer \u00e0 DUNKERQUE<\/p>\n<p>L&rsquo;h\u00f4tel Ibis Dunkerque est situ\u00e9 en centre ville de Dunkerque \u00e0 1500m de la gare, \u00e0 deux pas du port de plaisance, de la plage de Malo les Bains, du mus\u00e9e portuaire et du Palais des Congr\u00e8s (Kursaal). Id\u00e9alement situ\u00e9 pour d\u00e9couvrir la r\u00e9gion, pour festoyer lors de la p\u00e9riode du Carnaval de Dunkerque.<\/p>\n<p><strong>Coordonn\u00e9es GPS<\/strong><br \/>\nLatitude N 51\u00b0 2&prime; 26.10\u00a0\u00bb<br \/>\nLongitude E 2\u00b0 22&prime; 47.18\u00a0\u00bb<\/p>\n<p>tel : 03.28.66.29.07<br \/>\nfax : 03.28.63.67.87<\/p>\n","protected":false},"excerpt":{"rendered":"<p>Cliquez sur le lien ci-dessous afin d&rsquo;acc\u00e9der au site : Notre partenaire depuis de longues ann\u00e9es IBIS. https:\/\/all.accor.com\/ssr\/app\/ibis\/hotels\/dunkirk-france\/index.fr.shtml?compositions=1&amp;stayplus=false&amp;snu=false&amp;hideWDR=false&amp;productCode=null&amp;accessibleRooms=false&amp;hideHotelDetails=false&amp;utm_term=mar&amp;gclid=Cj0KCQiApNW6BhD5ARIsACmEbkVcgPwk271XYRluE2e8G6NZzyCxPa6kWIa81_PqV4FtQJb8txrqspsaAmiOEALw_wcB&amp;utm_campaign=ppc-ibi-mar-goo-fr-fr-dom_rest-mix-s&amp;utm_medium=cpc&amp;utm_source=google&amp;utm_content=fr-fr-FR-V1153 Vous avez programm\u00e9 un Week-End \u00e0 Dunkerque et vous envisagez de participer au semi-marathon du carnaval. Pour votre h\u00e9bergement, notre partenaire IBIS Dunkerque-Centre situ\u00e9 13 rue du Leughenaer \u00e0 Dunkerque vous appliquera le tarif \u00ab IBIS-SPORTS \u00bb, [&hellip;]<\/p>\n","protected":false},"author":1,"featured_media":0,"parent":0,"menu_order":10,"comment_status":"closed","ping_status":"open","template":"","meta":{"footnotes":""},"_links":{"self":[{"href":"http:\/\/www.marathon-dunkerque.com\/index.php?rest_route=\/wp\/v2\/pages\/48"}],"collection":[{"href":"http:\/\/www.marathon-dunkerque.com\/index.php?rest_route=\/wp\/v2\/pages"}],"about":[{"href":"http:\/\/www.marathon-dunkerque.com\/index.php?rest_route=\/wp\/v2\/types\/page"}],"author":[{"embeddable":true,"href":"http:\/\/www.marathon-dunkerque.com\/index.php?rest_route=\/wp\/v2\/users\/1"}],"replies":[{"embeddable":true,"href":"http:\/\/www.marathon-dunkerque.com\/index.php?rest_route=%2Fwp%2Fv2%2Fcomments&post=48"}],"version-history":[{"count":16,"href":"http:\/\/www.marathon-dunkerque.com\/index.php?rest_route=\/wp\/v2\/pages\/48\/revisions"}],"predecessor-version":[{"id":4634,"href":"http:\/\/www.marathon-dunkerque.com\/index.php?rest_route=\/wp\/v2\/pages\/48\/revisions\/4634"}],"wp:attachment":[{"href":"http:\/\/www.marathon-dunkerque.com\/index.php?rest_route=%2Fwp%2Fv2%2Fmedia&parent=48"}],"curies":[{"name":"wp","href":"https:\/\/api.w.org\/{rel}","templated":true}]}}

Hébergement

<p><strong>Cliquez sur le lien ci-dessous afin d&rsquo;accéder au site :</strong></p>
<p>Notre partenaire depuis de longues années IBIS.</p>
<p><a href="https://all.accor.com/ssr/app/ibis/hotels/dunkirk-france/index.fr.shtml?compositions=1&amp;stayplus=false&amp;snu=false&amp;hideWDR=false&amp;productCode=null&amp;accessibleRooms=false&amp;hideHotelDetails=false&amp;utm_term=mar&amp;gclid=Cj0KCQiApNW6BhD5ARIsACmEbkVcgPwk271XYRluE2e8G6NZzyCxPa6kWIa81_PqV4FtQJb8txrqspsaAmiOEALw_wcB&amp;utm_campaign=ppc-ibi-mar-goo-fr-fr-dom_rest-mix-s&amp;utm_medium=cpc&amp;utm_source=google&amp;utm_content=fr-fr-FR-V1153">https://all.accor.com/ssr/app/ibis/hotels/dunkirk-france/index.fr.shtml?compositions=1&amp;stayplus=false&amp;snu=false&amp;hideWDR=false&amp;productCode=null&amp;accessibleRooms=false&amp;hideHotelDetails=false&amp;utm_term=mar&amp;gclid=Cj0KCQiApNW6BhD5ARIsACmEbkVcgPwk271XYRluE2e8G6NZzyCxPa6kWIa81_PqV4FtQJb8txrqspsaAmiOEALw_wcB&amp;utm_campaign=ppc-ibi-mar-goo-fr-fr-dom_rest-mix-s&amp;utm_medium=cpc&amp;utm_source=google&amp;utm_content=fr-fr-FR-V1153</a></p>
<p><a href="http://www.marathon-dunkerque.com/wp-content/uploads/IBIS-photo-de-lHôtel.jpg"><img loading="lazy" decoding="async" class="alignnone size-medium wp-image-1398" src="http://www.marathon-dunkerque.com/wp-content/uploads/IBIS-photo-de-lHôtel-300x135.jpg" alt="IBIS photo de l'Hôtel" width="300" height="135" srcset="http://www.marathon-dunkerque.com/wp-content/uploads/IBIS-photo-de-lHôtel-300x135.jpg 300w, http://www.marathon-dunkerque.com/wp-content/uploads/IBIS-photo-de-lHôtel.jpg 465w" sizes="(max-width: 300px) 100vw, 300px" /></a></p>
<p>Vous avez programmé un Week-End à Dunkerque et vous envisagez de participer au semi-marathon du carnaval. Pour votre hébergement, <strong>notre partenaire IBIS Dunkerque</strong>-Centre situé 13 rue du Leughenaer à Dunkerque vous appliquera le tarif « IBIS-SPORTS », sur présentation de votre dossard.<br />
<a href="http://www.marathon-dunkerque.com/wp-content/uploads/IBIS140.png"><img loading="lazy" decoding="async" class="alignnone size-full wp-image-1429" src="http://www.marathon-dunkerque.com/wp-content/uploads/IBIS140.png" alt="IBIS140" width="140" height="139" /></a></p>
<p>Adresse : 13 rue de Leughenaer à DUNKERQUE</p>
<p>L&rsquo;hôtel Ibis Dunkerque est situé en centre ville de Dunkerque à 1500m de la gare, à deux pas du port de plaisance, de la plage de Malo les Bains, du musée portuaire et du Palais des Congrès (Kursaal). Idéalement situé pour découvrir la région, pour festoyer lors de la période du Carnaval de Dunkerque.</p>
<p><strong>Coordonnées GPS</strong><br />
Latitude N 51° 2&prime; 26.10 »<br />
Longitude E 2° 22&prime; 47.18 »</p>
<p>tel : 03.28.66.29.07<br />
fax : 03.28.63.67.87</p>

<p>Cliquez sur le lien ci-dessous afin d&rsquo;accéder au site : Notre partenaire depuis de longues années IBIS. https://all.accor.com/ssr/app/ibis/hotels/dunkirk-france/index.fr.shtml?compositions=1&amp;stayplus=false&amp;snu=false&amp;hideWDR=false&amp;productCode=null&amp;accessibleRooms=false&amp;hideHotelDetails=false&amp;utm_term=mar&amp;gclid=Cj0KCQiApNW6BhD5ARIsACmEbkVcgPwk271XYRluE2e8G6NZzyCxPa6kWIa81_PqV4FtQJb8txrqspsaAmiOEALw_wcB&amp;utm_campaign=ppc-ibi-mar-goo-fr-fr-dom_rest-mix-s&amp;utm_medium=cpc&amp;utm_source=google&amp;utm_content=fr-fr-FR-V1153 Vous avez programmé un Week-End à Dunkerque et vous envisagez de participer au semi-marathon du carnaval. Pour votre hébergement, notre partenaire IBIS Dunkerque-Centre situé 13 rue du Leughenaer à Dunkerque vous appliquera le tarif « IBIS-SPORTS », [&hellip;]</p>
